{"id":9504,"date":"2023-03-29T19:30:00","date_gmt":"2023-03-29T19:30:00","guid":{"rendered":"https:\/\/iplantprotect.pt\/?p=9504"},"modified":"2025-05-08T13:40:38","modified_gmt":"2025-05-08T13:40:38","slug":"inpp-marca-presenca-no-tech4innov","status":"publish","type":"eventos","link":"https:\/\/iplantprotect.pt\/en\/eventos\/inpp-marca-presenca-no-tech4innov\/","title":{"rendered":"InPP marca presen\u00e7a no TECH4INNOV"},"content":{"rendered":"<p>Hoje, dia 29 de mar\u00e7o, o InnovPlantProtect esteve no Europarque, em Santa Maria da Feira, no Porto, para participar no TECH4INNOV: o Presente e o Futuro da Inova\u00e7\u00e3o em Portugal, uma mostra tecnol\u00f3gica que junta v\u00e1rias atores do Sistema Nacional de Inova\u00e7\u00e3o (SNI) para darem a conhecer os resultados de projetos de Investiga\u00e7\u00e3o e Desenvolvimento (I&amp;D) e as tecnologias que t\u00eam desenvolvido, mostrando assim o melhor que se tem feito na transforma\u00e7\u00e3o do conhecimento em inova\u00e7\u00e3o.<\/p>\n\n\n\n<p>O evento, organizado pela Ag\u00eancia Nacional de Inova\u00e7\u00e3o (<a href=\"https:\/\/www.ani.pt\/pt\/\" target=\"_blank\" rel=\"noreferrer noopener\">ANI<\/a>), teve como principal objetivo promover as atividades de transfer\u00eancia de tecnologia e do conhecimento, potenciando a sua valoriza\u00e7\u00e3o e comercializa\u00e7\u00e3o permitindo uma maior e melhor articula\u00e7\u00e3o entre as empresas e entidades do Sistema Cient\u00edfico e Tecnol\u00f3gico Nacional. <\/p>\n\n\n\n<p>Durante o dia foram expostas novas tecnologias assim como discutidas novas perspetivas e solu\u00e7\u00f5es disruptivas em pain\u00e9is de debate com convidados nacionais e internacionais e espa\u00e7os de demonstra\u00e7\u00e3o, onde estiveram patentes casos de sucesso desenvolvidos por Centros de Tecnologia e Inova\u00e7\u00e3o (CTI), Laborat\u00f3rios Colaborativos (CoLAB), Gabinetes de Transfer\u00eancia de Tecnologia (TTO), Digital Innovation Hubs, entre outras entidades do SNI.<\/p>\n\n\n\n<p>More information about the event <a href=\"https:\/\/www.ani.pt\/pt\/noticias\/not%C3%ADcias-ani\/tech4innov-o-presente-e-o-futuro-da-inova%C3%A7%C3%A3o\/\" target=\"_blank\" rel=\"noreferrer noopener\">here<\/a>.<\/p>\n\n\n\n<p><\/p>\n\n\n\n<figure class=\"wp-block-gallery has-nested-images columns-default is-cropped wp-block-gallery-1 is-layout-flex wp-block-gallery-is-layout-flex\">\n<figure class=\"wp-block-image size-large\"><img decoding=\"async\" data-id=\"9505\" src=\"https:\/\/easb4aajaue.exactdn.com\/wp\/wp-content\/uploads\/2023\/03\/1-768x1024.jpeg?strip=all\" alt=\"\" class=\"wp-image-9505\"\/><\/figure>\n\n\n\n<figure class=\"wp-block-image size-large\"><img decoding=\"async\" data-id=\"9509\" src=\"https:\/\/easb4aajaue.exactdn.com\/wp\/wp-content\/uploads\/2023\/03\/3-1-732x1024.jpg?strip=all\" alt=\"\" class=\"wp-image-9509\"\/><\/figure>\n<\/figure>","protected":false},"excerpt":{"rendered":"<p>Hoje, dia 29 de mar\u00e7o, o InnovPlantProtect esteve no Europarque, em Santa Maria da Feira, no Porto, para participar no TECH4INNOV: o Presente e o Futuro da Inova\u00e7\u00e3o em Portugal, uma mostra tecnol\u00f3gica que junta v\u00e1rias atores do Sistema Nacional de Inova\u00e7\u00e3o (SNI) para darem a conhecer os resultados de projetos de Investiga\u00e7\u00e3o e Desenvolvimento [&hellip;]<\/p>\n","protected":false},"author":2,"featured_media":9518,"parent":0,"menu_order":0,"template":"","categories":[26],"tags":[],"class_list":["post-9504","eventos","type-eventos","status-publish","has-post-thumbnail","hentry","category-blog"],"acf":[],"_links":{"self":[{"href":"https:\/\/iplantprotect.pt\/en\/wp-json\/wp\/v2\/eventos\/9504","targetHints":{"allow":["GET"]}}],"collection":[{"href":"https:\/\/iplantprotect.pt\/en\/wp-json\/wp\/v2\/eventos"}],"about":[{"href":"https:\/\/iplantprotect.pt\/en\/wp-json\/wp\/v2\/types\/eventos"}],"author":[{"embeddable":true,"href":"https:\/\/iplantprotect.pt\/en\/wp-json\/wp\/v2\/users\/2"}],"version-history":[{"count":1,"href":"https:\/\/iplantprotect.pt\/en\/wp-json\/wp\/v2\/eventos\/9504\/revisions"}],"predecessor-version":[{"id":14992,"href":"https:\/\/iplantprotect.pt\/en\/wp-json\/wp\/v2\/eventos\/9504\/revisions\/14992"}],"wp:featuredmedia":[{"embeddable":true,"href":"https:\/\/iplantprotect.pt\/en\/wp-json\/"}],"wp:attachment":[{"href":"https:\/\/iplantprotect.pt\/en\/wp-json\/wp\/v2\/media?parent=9504"}],"wp:term":[{"taxonomy":"category","embeddable":true,"href":"https:\/\/iplantprotect.pt\/en\/wp-json\/wp\/v2\/categories?post=9504"},{"taxonomy":"post_tag","embeddable":true,"href":"https:\/\/iplantprotect.pt\/en\/wp-json\/wp\/v2\/tags?post=9504"}],"curies":[{"name":"wp","href":"https:\/\/api.w.org\/{rel}","templated":true}]}}

InPP marca presença no TECH4INNOV

<p>Hoje, dia 29 de março, o InnovPlantProtect esteve no Europarque, em Santa Maria da Feira, no Porto, para participar no TECH4INNOV: o Presente e o Futuro da Inovação em Portugal, uma mostra tecnológica que junta várias atores do Sistema Nacional de Inovação (SNI) para darem a conhecer os resultados de projetos de Investigação e Desenvolvimento (I&amp;D) e as tecnologias que têm desenvolvido, mostrando assim o melhor que se tem feito na transformação do conhecimento em inovação.</p>



<p>O evento, organizado pela Agência Nacional de Inovação (<a href="https://www.ani.pt/pt/" target="_blank" rel="noreferrer noopener">ANI</a>), teve como principal objetivo promover as atividades de transferência de tecnologia e do conhecimento, potenciando a sua valorização e comercialização permitindo uma maior e melhor articulação entre as empresas e entidades do Sistema Científico e Tecnológico Nacional. </p>



<p>Durante o dia foram expostas novas tecnologias assim como discutidas novas perspetivas e soluções disruptivas em painéis de debate com convidados nacionais e internacionais e espaços de demonstração, onde estiveram patentes casos de sucesso desenvolvidos por Centros de Tecnologia e Inovação (CTI), Laboratórios Colaborativos (CoLAB), Gabinetes de Transferência de Tecnologia (TTO), Digital Innovation Hubs, entre outras entidades do SNI.</p>



<p>More information about the event <a href="https://www.ani.pt/pt/noticias/not%C3%ADcias-ani/tech4innov-o-presente-e-o-futuro-da-inova%C3%A7%C3%A3o/" target="_blank" rel="noreferrer noopener">here</a>.</p>



<p></p>



<figure class="wp-block-gallery has-nested-images columns-default is-cropped wp-block-gallery-1 is-layout-flex wp-block-gallery-is-layout-flex">
<figure class="wp-block-image size-large"><img decoding="async" data-id="9505" src="https://easb4aajaue.exactdn.com/wp/wp-content/uploads/2023/03/1-768x1024.jpeg?strip=all" alt="" class="wp-image-9505"/></figure>



<figure class="wp-block-image size-large"><img decoding="async" data-id="9509" src="https://easb4aajaue.exactdn.com/wp/wp-content/uploads/2023/03/3-1-732x1024.jpg?strip=all" alt="" class="wp-image-9509"/></figure>
</figure>

<p>Hoje, dia 29 de março, o InnovPlantProtect esteve no Europarque, em Santa Maria da Feira, no Porto, para participar no TECH4INNOV: o Presente e o Futuro da Inovação em Portugal, uma mostra tecnológica que junta várias atores do Sistema Nacional de Inovação (SNI) para darem a conhecer os resultados de projetos de Investigação e Desenvolvimento [&hellip;]</p>
