{"id":5847,"date":"2022-04-04T13:54:54","date_gmt":"2022-04-04T13:54:54","guid":{"rendered":"https:\/\/iplantprotect.pt\/?p=5847"},"modified":"2025-05-08T13:41:07","modified_gmt":"2025-05-08T13:41:07","slug":"innovplantprotect-na-ovibeja-2022","status":"publish","type":"eventos","link":"https:\/\/iplantprotect.pt\/en\/eventos\/innovplantprotect-na-ovibeja-2022\/","title":{"rendered":"InnovPlantProtect at Ovibeja 2022"},"content":{"rendered":"<p class=\"wp-block-paragraph\">InnovPlantProtect (InPP) will be present at the <a href=\"https:\/\/www.ovibeja.pt\/home\">38th Ovibeja<\/a>, The event will take place from April 21 to 25, with its own stand and a program of activities to be announced in due course. On Saturday, April 23rd, at 3pm, the InPP is organizing a <a href=\"https:\/\/www.ovibeja.pt\/programa\/2022-coloquios\">colloquium<\/a> on the theme \u201cProtecting crops to feed the world: from soil microorganisms to pest and disease monitoring techniques\u201d.<\/p>\n\n\n\n<p class=\"wp-block-paragraph\">The executive director of the InPP is taking part in this conference, <a href=\"https:\/\/iplantprotect.pt\/en\/people\/pedro-february\/\" target=\"_blank\" rel=\"noreferrer noopener\">Pedro February<\/a>, who will present CoLAB, <a href=\"https:\/\/iplantprotect.pt\/en\/people\/ilaria-marengo\/\" target=\"_blank\" rel=\"noreferrer noopener\">iLaria Marengo<\/a>, director of the Monitoring and Diagnostics department, who will talk about remote sensing applied to crop protection, and <a href=\"https:\/\/iplantprotect.pt\/en\/people\/ricardo-ramiro\/\" target=\"_blank\" rel=\"noreferrer noopener\">Ricardo Ramiro<\/a>, director of the Data Management and Risk Analysis department, who will address the topic of the soil microbiome.<\/p>\n\n\n\n<p class=\"wp-block-paragraph\">Pedro Fevereiro is also taking part in the seminar <a href=\"https:\/\/www.acos.pt\/\">ACOS<\/a> - The Southern Farmers\u201c Association is organizing a conference on \u201dHow to feed the planet?\u201c, the theme of Ovibeja 2022, on the 23rd at 11.30 a.m., and the colloquium \u201dThe European green agenda. Sustainability of agriculture and food sovereignty\", which takes place on Friday, April 22, at 4pm. The event takes place at the Manuel de Castro e Brito Fair and Exhibition Park in Beja.<\/p>\n\n\n\n<p class=\"wp-block-paragraph\"><\/p>\n\n\n\n<div class=\"wp-block-image\"><figure class=\"aligncenter size-large is-resized\"><img fetchpriority=\"high\" decoding=\"async\" src=\"https:\/\/easb4aajaue.exactdn.com\/wp\/wp-content\/uploads\/2022\/04\/38-Ovibeja-1024x538.jpg?strip=all\" alt=\"\" class=\"wp-image-5848\" width=\"634\" height=\"333\" srcset=\"https:\/\/easb4aajaue.exactdn.com\/wp-content\/uploads\/2022\/04\/38-Ovibeja-1024x538.jpg?strip=all 1024w, https:\/\/easb4aajaue.exactdn.com\/wp-content\/uploads\/2022\/04\/38-Ovibeja-300x158.jpg?strip=all 300w, https:\/\/easb4aajaue.exactdn.com\/wp-content\/uploads\/2022\/04\/38-Ovibeja-768x403.jpg?strip=all 768w, https:\/\/easb4aajaue.exactdn.com\/wp-content\/uploads\/2022\/04\/38-Ovibeja.jpg?strip=all 1200w, https:\/\/easb4aajaue.exactdn.com\/wp-content\/uploads\/2022\/04\/38-Ovibeja.jpg?strip=all&amp;w=120 120w, https:\/\/easb4aajaue.exactdn.com\/wp-content\/uploads\/2022\/04\/38-Ovibeja.jpg?strip=all&amp;w=240 240w, https:\/\/easb4aajaue.exactdn.com\/wp-content\/uploads\/2022\/04\/38-Ovibeja.jpg?strip=all&amp;w=360 360w, https:\/\/easb4aajaue.exactdn.com\/wp-content\/uploads\/2022\/04\/38-Ovibeja.jpg?strip=all&amp;w=480 480w, https:\/\/easb4aajaue.exactdn.com\/wp-content\/uploads\/2022\/04\/38-Ovibeja.jpg?strip=all&amp;w=600 600w, https:\/\/easb4aajaue.exactdn.com\/wp-content\/uploads\/2022\/04\/38-Ovibeja.jpg?strip=all&amp;w=840 840w, https:\/\/easb4aajaue.exactdn.com\/wp-content\/uploads\/2022\/04\/38-Ovibeja.jpg?strip=all&amp;w=960 960w, https:\/\/easb4aajaue.exactdn.com\/wp-content\/uploads\/2022\/04\/38-Ovibeja.jpg?strip=all&amp;w=1080 1080w\" sizes=\"(max-width: 634px) 100vw, 634px\" \/><\/figure><\/div>","protected":false},"excerpt":{"rendered":"<p>O InnovPlantProtect (InPP) estar\u00e1 presente na 38\u00aa Ovibeja, que se realiza de 21 a 25 de abril, com um stand pr\u00f3prio e um programa de atividades a divulgar oportunamente. No s\u00e1bado, 23 de abril, \u00e0s 15h, o InPP organiza um col\u00f3quio subordinado ao tema \u201cProteger as culturas para alimentar o mundo: dos micro-organismos do solo [&hellip;]<\/p>\n","protected":false},"author":2,"featured_media":5848,"parent":0,"menu_order":0,"template":"","categories":[26],"tags":[],"class_list":["post-5847","eventos","type-eventos","status-publish","has-post-thumbnail","hentry","category-blog"],"acf":[],"_links":{"self":[{"href":"https:\/\/iplantprotect.pt\/en\/wp-json\/wp\/v2\/eventos\/5847","targetHints":{"allow":["GET"]}}],"collection":[{"href":"https:\/\/iplantprotect.pt\/en\/wp-json\/wp\/v2\/eventos"}],"about":[{"href":"https:\/\/iplantprotect.pt\/en\/wp-json\/wp\/v2\/types\/eventos"}],"author":[{"embeddable":true,"href":"https:\/\/iplantprotect.pt\/en\/wp-json\/wp\/v2\/users\/2"}],"version-history":[{"count":1,"href":"https:\/\/iplantprotect.pt\/en\/wp-json\/wp\/v2\/eventos\/5847\/revisions"}],"predecessor-version":[{"id":15048,"href":"https:\/\/iplantprotect.pt\/en\/wp-json\/wp\/v2\/eventos\/5847\/revisions\/15048"}],"wp:featuredmedia":[{"embeddable":true,"href":"https:\/\/iplantprotect.pt\/en\/wp-json\/wp\/v2\/media\/5848"}],"wp:attachment":[{"href":"https:\/\/iplantprotect.pt\/en\/wp-json\/wp\/v2\/media?parent=5847"}],"wp:term":[{"taxonomy":"category","embeddable":true,"href":"https:\/\/iplantprotect.pt\/en\/wp-json\/wp\/v2\/categories?post=5847"},{"taxonomy":"post_tag","embeddable":true,"href":"https:\/\/iplantprotect.pt\/en\/wp-json\/wp\/v2\/tags?post=5847"}],"curies":[{"name":"wp","href":"https:\/\/api.w.org\/{rel}","templated":true}]}}

<p>O InnovPlantProtect (InPP) estará presente na 38ª Ovibeja, que se realiza de 21 a 25 de abril, com um stand próprio e um programa de atividades a divulgar oportunamente. No sábado, 23 de abril, às 15h, o InPP organiza um colóquio subordinado ao tema “Proteger as culturas para alimentar o mundo: dos micro-organismos do solo [&hellip;]</p>
