{"id":4597,"date":"2021-10-25T13:02:38","date_gmt":"2021-10-25T13:02:38","guid":{"rendered":"https:\/\/iplantprotect.pt\/?p=4597"},"modified":"2025-05-08T13:41:17","modified_gmt":"2025-05-08T13:41:17","slug":"premio-autarquico-aristides-de-sousa-mendes-para-elvas","status":"publish","type":"eventos","link":"https:\/\/iplantprotect.pt\/en\/eventos\/premio-autarquico-aristides-de-sousa-mendes-para-elvas\/","title":{"rendered":"Aristides de Sousa Mendes Municipal Award for Elvas"},"content":{"rendered":"<p><strong>Casa da Hist\u00f3ria Judaica da Rainha da Fronteira wins a government award for actions and initiatives by local authorities to \u201csave, protect and dignify human lives in Portugal in the face of contemporary threats and atrocities\u201d.<\/strong><\/p>\n\n\n\n<p>A <a href=\"https:\/\/www.cm-elvas.pt\/elvas-vence-1o-premio-autarquico-aristides-de-sousa-mendes\/\" target=\"_blank\" rel=\"noreferrer noopener\">Elvas City Council<\/a> won the first municipal award \u201cAristides de Sousa Mendes and other Portuguese saviors - Holocaust, universal values, humanism and justice\u201d, in the category \u201cArts, Heritage and other Cultural Domains\u201d, with the application of the <a href=\"https:\/\/www.cm-elvas.pt\/descobrir\/cultura\/museus\/casa-da-historia-judaica\/\" target=\"_blank\" rel=\"noreferrer noopener\">House of Jewish History<\/a>.<\/p>\n\n\n\n<p>The honorary distinction, which is national in scope, was <a href=\"http:\/\/www.portalautarquico.pt\/pt-PT\/destaques\/premio-autarquico--aristides-de-sousa-mendes-e-outros-salvadores-portugueses--holocausto-valores-universais-humanismo-e-justica----candidaturas-ate-20-de-junho\/\" target=\"_blank\" rel=\"noreferrer noopener\">launched by the government<\/a> in 2021. Among other things, it \u201caims to distinguish practices, programs, projects, symbols and material and immaterial works, which, inspired by memories and teachings arising from the Holocaust, and\/or developed around universal values of humanism and justice, are factors of identification, aggregation and recognition by the respective communities, and valorization by differentiation, of localities and territories\u201d.<\/p>\n\n\n\n<p><\/p>\n\n\n\n<div class=\"wp-block-image\"><figure class=\"aligncenter size-large is-resized\"><img fetchpriority=\"high\" decoding=\"async\" src=\"https:\/\/easb4aajaue.exactdn.com\/wp\/wp-content\/uploads\/2021\/10\/Casa_da_Historia_Judaica-1024x683.jpg?strip=all&resize=521%2C347\" alt=\"\" class=\"wp-image-4598\" width=\"521\" height=\"347\"\/><figcaption>The House of Jewish History is located at Rua dos A\u00e7ougues, n\u00ba 4-6, in Elvas, and is open from Tuesday to Sunday, from 10am to 6pm.<\/figcaption><\/figure><\/div>\n\n\n\n<p>In addition to the diploma that will be presented to the Municipality of Elvas by the <a href=\"http:\/\/www.portalautarquico.dgal.gov.pt\/\" target=\"_blank\" rel=\"noreferrer noopener\">Directorate-General for Local Authorities<\/a>, The government undertakes to publicize the winning project.<\/p>\n\n\n\n<p>Elvas City Council is a founding member of CoLAB InnovPlantProtect, which is based in the city.<\/p>\n\n\n\n<p><\/p>\n\n\n\n<p><\/p>\n\n\n\n<p class=\"has-text-align-right\">Image: Elvas City Council<\/p>\n\n\n\n<p><\/p>","protected":false},"excerpt":{"rendered":"<p>A Casa da Hist\u00f3ria Judaica elvense venceu o galard\u00e3o que distingue iniciativas locais para &#8220;salvar, proteger e dignificar vidas humanas em Portugal, face a amea\u00e7as e atrocidades contempor\u00e2neas&#8221;.<\/p>","protected":false},"author":2,"featured_media":4598,"parent":0,"menu_order":0,"template":"","categories":[26],"tags":[],"class_list":["post-4597","eventos","type-eventos","status-publish","has-post-thumbnail","hentry","category-blog"],"acf":[],"_links":{"self":[{"href":"https:\/\/iplantprotect.pt\/en\/wp-json\/wp\/v2\/eventos\/4597","targetHints":{"allow":["GET"]}}],"collection":[{"href":"https:\/\/iplantprotect.pt\/en\/wp-json\/wp\/v2\/eventos"}],"about":[{"href":"https:\/\/iplantprotect.pt\/en\/wp-json\/wp\/v2\/types\/eventos"}],"author":[{"embeddable":true,"href":"https:\/\/iplantprotect.pt\/en\/wp-json\/wp\/v2\/users\/2"}],"version-history":[{"count":1,"href":"https:\/\/iplantprotect.pt\/en\/wp-json\/wp\/v2\/eventos\/4597\/revisions"}],"predecessor-version":[{"id":15074,"href":"https:\/\/iplantprotect.pt\/en\/wp-json\/wp\/v2\/eventos\/4597\/revisions\/15074"}],"wp:featuredmedia":[{"embeddable":true,"href":"https:\/\/iplantprotect.pt\/en\/wp-json\/wp\/v2\/media\/4598"}],"wp:attachment":[{"href":"https:\/\/iplantprotect.pt\/en\/wp-json\/wp\/v2\/media?parent=4597"}],"wp:term":[{"taxonomy":"category","embeddable":true,"href":"https:\/\/iplantprotect.pt\/en\/wp-json\/wp\/v2\/categories?post=4597"},{"taxonomy":"post_tag","embeddable":true,"href":"https:\/\/iplantprotect.pt\/en\/wp-json\/wp\/v2\/tags?post=4597"}],"curies":[{"name":"wp","href":"https:\/\/api.w.org\/{rel}","templated":true}]}}

<p><strong>Casa da História Judaica da Rainha da Fronteira wins a government award for actions and initiatives by local authorities to “save, protect and dignify human lives in Portugal in the face of contemporary threats and atrocities”.</strong></p>



<p>A <a href="https://www.cm-elvas.pt/elvas-vence-1o-premio-autarquico-aristides-de-sousa-mendes/" target="_blank" rel="noreferrer noopener">Elvas City Council</a> won the first municipal award “Aristides de Sousa Mendes and other Portuguese saviors - Holocaust, universal values, humanism and justice”, in the category “Arts, Heritage and other Cultural Domains”, with the application of the <a href="https://www.cm-elvas.pt/descobrir/cultura/museus/casa-da-historia-judaica/" target="_blank" rel="noreferrer noopener">House of Jewish History</a>.</p>



<p>The honorary distinction, which is national in scope, was <a href="http://www.portalautarquico.pt/pt-PT/destaques/premio-autarquico--aristides-de-sousa-mendes-e-outros-salvadores-portugueses--holocausto-valores-universais-humanismo-e-justica----candidaturas-ate-20-de-junho/" target="_blank" rel="noreferrer noopener">launched by the government</a> in 2021. Among other things, it “aims to distinguish practices, programs, projects, symbols and material and immaterial works, which, inspired by memories and teachings arising from the Holocaust, and/or developed around universal values of humanism and justice, are factors of identification, aggregation and recognition by the respective communities, and valorization by differentiation, of localities and territories”.</p>



<p></p>



<div class="wp-block-image"><figure class="aligncenter size-large is-resized"><img fetchpriority="high" decoding="async" src="https://easb4aajaue.exactdn.com/wp/wp-content/uploads/2021/10/Casa_da_Historia_Judaica-1024x683.jpg?strip=all&resize=521%2C347" alt="" class="wp-image-4598" width="521" height="347"/><figcaption>The House of Jewish History is located at Rua dos Açougues, nº 4-6, in Elvas, and is open from Tuesday to Sunday, from 10am to 6pm.</figcaption></figure></div>



<p>In addition to the diploma that will be presented to the Municipality of Elvas by the <a href="http://www.portalautarquico.dgal.gov.pt/" target="_blank" rel="noreferrer noopener">Directorate-General for Local Authorities</a>, The government undertakes to publicize the winning project.</p>



<p>Elvas City Council is a founding member of CoLAB InnovPlantProtect, which is based in the city.</p>



<p></p>



<p></p>



<p class="has-text-align-right">Image: Elvas City Council</p>



<p></p>

<p>A Casa da História Judaica elvense venceu o galardão que distingue iniciativas locais para &#8220;salvar, proteger e dignificar vidas humanas em Portugal, face a ameaças e atrocidades contemporâneas&#8221;.</p>
