{"id":13428,"date":"2024-09-12T10:54:45","date_gmt":"2024-09-12T10:54:45","guid":{"rendered":"https:\/\/iplantprotect.pt\/?p=13428"},"modified":"2025-05-14T17:19:58","modified_gmt":"2025-05-14T17:19:58","slug":"inpp-at-the-more-colab-open-day","status":"publish","type":"eventos","link":"https:\/\/iplantprotect.pt\/en\/eventos\/inpp-no-dia-aberto-do-more-colab\/","title":{"rendered":"InPP at MORE CoLAB Open Day"},"content":{"rendered":"<p>InPP was in Bragan\u00e7a yesterday for the MORE Colab - Mountains of Research Collaborative Laboratory Open Day, for a morning of exchanging experiences. Organized by MORE CoLAB, this initiative took place in the Auditorium of the School of Technology and Management of the Polytechnic Institute of Bragan\u00e7a and aimed to highlight the impact of Collaborative Laboratories in enhancing knowledge and creating value in the communities and regions that host them. <\/p>\n\n\n\n<p>The Open Day, which marked the fifth anniversary of CoLAB Bragantino, highlighted the impact of 15 million euros generated for the region with more than 45 projects, more than 40 human resources and 230 partners involved, more than 30 projects submitted in 2024 and 5 applications already approved under PT2030. <\/p>\n\n\n\n<p>The initiative was attended at the Polytechnic Institute of Bragan\u00e7a by government representatives, such as Hern\u00e2ni Dias, Secretary of State for Local Administration and Spatial Planning, management entities, associates, public and private partners, as well as Collaborative Laboratories from the north to the south of the country. <\/p>\n\n\n\n<p>The event was also an opportunity to learn about the projects and strategic partnerships being developed at MORE CoLAB.<\/p>\n\n\n\n<p><\/p>\n\n\n\n<figure class=\"wp-block-gallery has-nested-images columns-default is-cropped wp-block-gallery-1 is-layout-flex wp-block-gallery-is-layout-flex\">\n<figure class=\"wp-block-image size-large\"><img decoding=\"async\" data-id=\"13431\" src=\"https:\/\/easb4aajaue.exactdn.com\/wp-content\/uploads\/2025\/05\/459118823_1025490009367587_8488586256940974327_n-1024x683.jpg?strip=all&resize=800%2C534\" alt=\"\" class=\"wp-image-13431\"\/><\/figure>\n\n\n\n<figure class=\"wp-block-image size-large\"><img decoding=\"async\" data-id=\"13429\" src=\"https:\/\/easb4aajaue.exactdn.com\/wp-content\/uploads\/2025\/05\/459058879_1025489696034285_4652220544391986764_n-1024x683.jpg?strip=all&resize=800%2C534\" alt=\"\" class=\"wp-image-13429\"\/><\/figure>\n\n\n\n<figure class=\"wp-block-image size-large\"><img decoding=\"async\" data-id=\"13432\" src=\"https:\/\/easb4aajaue.exactdn.com\/wp-content\/uploads\/2025\/05\/459097335_1025490292700892_7433782402177622660_n-1-1024x683.jpg?strip=all&resize=800%2C534\" alt=\"\" class=\"wp-image-13432\"\/><\/figure>\n<\/figure>\n\n\n\n<p>Image credits: MORE Colab - Mountains of Research Collaborative Laboratory<\/p>","protected":false},"excerpt":{"rendered":"<p>O InPP esteve ontem em Bragan\u00e7a no Dia Aberto do MORE Colab &#8211; Laborat\u00f3rio Colaborativo Montanhas de Investiga\u00e7\u00e3o, para uma manh\u00e3 de troca de experi\u00eancias. Organizada pelo More CoLAB, esta iniciativa decorreu no Audit\u00f3rio da Escola Superior de Tecnologia e Gest\u00e3o do Instituto Polit\u00e9cnico de Bragan\u00e7a e pretendeu destacar o impacto dos Laborat\u00f3rios Colaborativos na [&hellip;]<\/p>\n","protected":false},"author":2,"featured_media":13435,"parent":0,"menu_order":0,"template":"","categories":[26],"tags":[],"class_list":["post-13428","eventos","type-eventos","status-publish","has-post-thumbnail","hentry","category-blog"],"acf":[],"_links":{"self":[{"href":"https:\/\/iplantprotect.pt\/en\/wp-json\/wp\/v2\/eventos\/13428","targetHints":{"allow":["GET"]}}],"collection":[{"href":"https:\/\/iplantprotect.pt\/en\/wp-json\/wp\/v2\/eventos"}],"about":[{"href":"https:\/\/iplantprotect.pt\/en\/wp-json\/wp\/v2\/types\/eventos"}],"author":[{"embeddable":true,"href":"https:\/\/iplantprotect.pt\/en\/wp-json\/wp\/v2\/users\/2"}],"version-history":[{"count":2,"href":"https:\/\/iplantprotect.pt\/en\/wp-json\/wp\/v2\/eventos\/13428\/revisions"}],"predecessor-version":[{"id":15721,"href":"https:\/\/iplantprotect.pt\/en\/wp-json\/wp\/v2\/eventos\/13428\/revisions\/15721"}],"wp:featuredmedia":[{"embeddable":true,"href":"https:\/\/iplantprotect.pt\/en\/wp-json\/"}],"wp:attachment":[{"href":"https:\/\/iplantprotect.pt\/en\/wp-json\/wp\/v2\/media?parent=13428"}],"wp:term":[{"taxonomy":"category","embeddable":true,"href":"https:\/\/iplantprotect.pt\/en\/wp-json\/wp\/v2\/categories?post=13428"},{"taxonomy":"post_tag","embeddable":true,"href":"https:\/\/iplantprotect.pt\/en\/wp-json\/wp\/v2\/tags?post=13428"}],"curies":[{"name":"wp","href":"https:\/\/api.w.org\/{rel}","templated":true}]}}

<p>InPP was in Bragança yesterday for the MORE Colab - Mountains of Research Collaborative Laboratory Open Day, for a morning of exchanging experiences. Organized by MORE CoLAB, this initiative took place in the Auditorium of the School of Technology and Management of the Polytechnic Institute of Bragança and aimed to highlight the impact of Collaborative Laboratories in enhancing knowledge and creating value in the communities and regions that host them. </p>



<p>The Open Day, which marked the fifth anniversary of CoLAB Bragantino, highlighted the impact of 15 million euros generated for the region with more than 45 projects, more than 40 human resources and 230 partners involved, more than 30 projects submitted in 2024 and 5 applications already approved under PT2030. </p>



<p>The initiative was attended at the Polytechnic Institute of Bragança by government representatives, such as Hernâni Dias, Secretary of State for Local Administration and Spatial Planning, management entities, associates, public and private partners, as well as Collaborative Laboratories from the north to the south of the country. </p>



<p>The event was also an opportunity to learn about the projects and strategic partnerships being developed at MORE CoLAB.</p>



<p></p>



<figure class="wp-block-gallery has-nested-images columns-default is-cropped wp-block-gallery-1 is-layout-flex wp-block-gallery-is-layout-flex">
<figure class="wp-block-image size-large"><img decoding="async" data-id="13431" src="https://easb4aajaue.exactdn.com/wp-content/uploads/2025/05/459118823_1025490009367587_8488586256940974327_n-1024x683.jpg?strip=all&resize=800%2C534" alt="" class="wp-image-13431"/></figure>



<figure class="wp-block-image size-large"><img decoding="async" data-id="13429" src="https://easb4aajaue.exactdn.com/wp-content/uploads/2025/05/459058879_1025489696034285_4652220544391986764_n-1024x683.jpg?strip=all&resize=800%2C534" alt="" class="wp-image-13429"/></figure>



<figure class="wp-block-image size-large"><img decoding="async" data-id="13432" src="https://easb4aajaue.exactdn.com/wp-content/uploads/2025/05/459097335_1025490292700892_7433782402177622660_n-1-1024x683.jpg?strip=all&resize=800%2C534" alt="" class="wp-image-13432"/></figure>
</figure>



<p>Image credits: MORE Colab - Mountains of Research Collaborative Laboratory</p>

<p>O InPP esteve ontem em Bragança no Dia Aberto do MORE Colab &#8211; Laboratório Colaborativo Montanhas de Investigação, para uma manhã de troca de experiências. Organizada pelo More CoLAB, esta iniciativa decorreu no Auditório da Escola Superior de Tecnologia e Gestão do Instituto Politécnico de Bragança e pretendeu destacar o impacto dos Laboratórios Colaborativos na [&hellip;]</p>
